5*d + y - 14. What is v(d)?
-14
Let f(k) = -2*k + 8. Let l be 0 - (-10)/14 - 8/(-28). Suppose -b + 2*i - l = -6, 3*b - 15 = 3*i. Suppose b*c = 4*c + 6. Give f(c).
-4
Let n be (1 + 9/(-15))/(2/95). Let i(m) = -5*m + 101. What is i(n)?
6
Let z(a) be the second derivative of -29*a**3/6 - 63*a**2/2 + 755*a + 1. What is z(-2)?
-5
Let c(g) = g**3 - 8*g**2 + 11*g + 13. Let f be c(6). Let m be (f/(-1) + 12)/(-1). Let k(v) = v**3 + 3*v**2 - 6*v + 6. What is k(m)?
-14
Let l(q) = q**2 - 47*q - 6. Suppose -292*y + 291*y = 0. Determine l(y).
-6
Suppose 9*q + 48*q = 268 - 952. Let h(f) = -2*f**3 - 26*f**2 - 23*f + 7. Determine h(q).
-5
Let o(p) be the second derivative of 14*p + 0 + 5/3*p**3 + 1/12*p**4 - 1/40*p**5 + 0*p**2 - 1/360*p**6. Let n(h) be the second derivative of o(h). Give n(-2).
4
Suppose -t = 4*t - 55. Let v(s) = t*s - 2*s**2 - 19*s + s**3 - 5*s**2 + 1 + 0. What is v(8)?
1
Let n(r) = -r - 10. Let i(l) = -l - 5. Let j(w) = -5*i(w) + 2*n(w). Suppose 22 = -2*m + 2*y, -4*y + 6*y - 4 = -m. What is j(m)?
-13
Suppose -2*m + 28 = 18. Let u be 1 + m*(-14)/7. Let v(h) = h**2 + 9*h - 13. What is v(u)?
-13
Let h(a) = -a + 45. Let k = -8344 + 8377. What is h(k)?
12
Let n = 8681 + -8658. Let p(z) be the third derivative of -n*z**2 - 1/24*z**4 + 1/3*z**3 + 0 + 0*z. Give p(-2).
4
Let b(j) = -239*j - 234*j + 472*j - j**3 - 17*j**2. Determine b(-17).
17
Let c be (-609)/(-105) - (-36)/(-45). Let j(w) = -4*w**2 - 6*w + w**3 + 3*w - 5*w + 2*w + 12. Calculate j(c).
7
Let b(n) = n + 5. Let s(f) = -6. Let l(i) = -4*b(i) - 3*s(i). Let w = 83 + 12. Let k = w - 92. What is l(k)?
-14
Let c be (7 - -1) + -11 + 10. Suppose c*o - 36 = -5*o. Suppose -5 = -o*t + 7. Let g(q) = -q**2 + 3*q + 4. Give g(t).
0
Suppose -2*w - 28 = 4*n, 3*n + 21 = -32*w + 30*w. Let p(h) = 2*h**2 + 13*h - 7. Calculate p(n).
0
Let y be (1 - 37)*((-105)/(-14))/3. Let m = -85 - y. Let n(k) = -1 + k**3 + 6*k**2 + k - 2*k - m*k - 2*k**3. Give n(5).
-6
Suppose 0 = -64383*r + 64333*r - 50. Let i(m) = 13*m**2 + 5. Let q(l) = 12*l**2 + 4. Let y(t) = 3*i(t) - 4*q(t). Determine y(r).
-10
Let j(r) = 7*r**2 + 8*r - 4. Let i(m) = -2*m**2 - m - 1. Let q = 500 + -501. Let t(s) = q*j(s) - 3*i(s). Determine t(-6).
1
Let f(s) = 2*s. Suppose 2*i - 4*i - 3*w - 9 = 0, 3*i - w + 41 = 0. Let g be (-95)/(-3) + 4/i*2. Suppose -3*j = 5*o + 7 - g, 2*o = -j + 9. Give f(o).
6
Let s(o) be the first derivative of -o**3/3 - 16*o**2 - 115*o - 4132. Calculate s(-28).
-3
Suppose -2*u + 16 = 14. Suppose -2*d - u = 7. Let n(k) = k**3 + 2*k**2 - 9*k - 1. Let b be n(d). Let m(h) = -h**2 + 3*h - 2. Determine m(b).
-2
Let h(t) be the first derivative of -4*t**3/3 + t**2/2 - 50*t + 45. Let g(r) be the first derivative of h(r). Calculate g(1).
-7
Let q(v) = v**2 - 10*v - 33. Let p be 2/(-1) + 3 + 12. Determine q(p).
6
Let z = -7 + 17. Let i(s) = s**3 - 4*s**2 - 131. Let l be i(7). Let v(h) = 9 + 5*h + z*h - l*h - 3. What is v(5)?
1
Let m be (4/(-8)*(-5)/10)/(4/32). Let n(i) = -5*i**2 + 9*i - 18. Calculate n(m).
-20
Let a be 17/(-3) - 10/30. Let f be 10/a*48/(-40). Let j(x) = 12*x + 4 + f - 6. What is j(-1)?
-12
Let l(b) = 5*b**2 + 38*b + 8. Let m(x) = -6*x**2 - 40*x - 13. Let d(w) = 4*l(w) + 3*m(w). Calculate d(-16).
-7
Let y(a) = a - 10. Let m = 1 - -2. Suppose 24*x = 11 + 37. Suppose -z + m = -x. Determine y(z).
-5
Let l be 4*(45/20)/(-3). Suppose b - 18 = 2*x + 6*b, 0 = 3*x - b - 7. Let f(v) = v - 4*v - 3*v + 4*v - x. Give f(l).
5
Let m(x) = x**2 - 17*x + 20. Let b be (1 - -2) + (29 - 198/11). Determine m(b).
-22
Let o(z) = -13*z + 4. Suppose 40*l + 11*l = -255. Calculate o(l).
69
Suppose q - 5*k + 46 = 27, q + 5*k - 1 = 0. Let u(v) = v**2 + 9*v - 1. What is u(q)?
-1
Let d(m) = 9*m**2 - 34*m + 5. Let o(s) = -29*s**2 + 117*s - 16. Let p(z) = -13*d(z) - 4*o(z). Give p(-26).
-1
Let g(x) = -6*x + 4. Let w(l) = -6 + 18*l + 6 - 11. Let c(r) = 8*g(r) + 3*w(r). Suppose -3*n - 17 + 23 = 0. What is c(n)?
11
Let o(r) = 336*r + 2014. Let c be o(-6). Let n(k) = -k - 3. Calculate n(c).
-1
Let x(j) = j**2 + 5*j - 5. Let c = 176 - 114. Let i = -793 + 726. Let t = c + i. Give x(t).
-5
Let m be ((-7)/(-14))/(1/14). Let u be (14/(-4))/m*0. Let r(n) = u*n**3 + n**3 - 40 + 0*n**3 - 8*n + 44 - 6*n**2. Calculate r(7).
-3
Let b(g) be the second derivative of -g**4/12 + g**3 + g**2 - 1037*g. Calculate b(7).
-5
Let p(k) = 23*k + 5 - 22*k + 1 - 3. Give p(-15).
-12
Let b(a) = -67*a**2 + 7*a + 321. Let u(i) = 31*i**2 - 4*i - 161. Let o(c) = -6*b(c) - 13*u(c). What is o(19)?
-4
Let v(i) = i**2 - 5. Let g = -255 + 259. Suppose 2*j + 5 - 7 = g*r, 5*j = 5*r - 10. Calculate v(j).
20
Let i(a) = -3*a**3 + 12*a**2 - 18*a - 4. Let y = 6 + -15. Let u(b) = -7*b**3 + 24*b**2 - 37*b - 9. Let q(l) = y*i(l) + 4*u(l). Determine q(-13).
-13
Let p(m) = m**2 - 12*m + 11. Let j be p(11). Let s = j - -3. Let y(x) = 2*x + x**2 - x**3 + 2*x**2 + 2*x**s + x**2. Determine y(-3).
3
Let i = 428 + -424. Let x be (i/8 + 36/8)*-1. Let a(f) = -13*f**2 - 17*f + 11. Let p(q) = 3*q**2 + 4*q - 3. Let g(y) = -2*a(y) - 9*p(y). Determine g(x).
-10
Let n(l) = 2*l**3 + 2*l**2 - 3*l + 3. Suppose 6*m - 12*m = -54. Suppose 0 = m*u + 85 - 58. What is n(u)?
-24
Suppose j = -4*u + 22, 4*j + 10*u - 43 = 9*u. Let d(h) = 3*h + 0*h + 1 - j - 2*h. Give d(9).
0
Let t(v) = -v**3 + 7*v**2 - 17*v + 28. Let c be t(3). Let q(l) = -l**3 + 12*l**2 + 14*l - 10. Give q(c).
3
Let p(q) = -q**2 - q + 2. Let r(b) = 5*b**2 + 19*b + 12. Let d(g) = -6*p(g) - r(g). Let s be d(15). Let u(v) = v**3 - 5*v**2 - 4*v. Give u(s).
12
Let y(g) = 14*g + 25. Let i(l) = 4*l + 4. Let v(q) = 4*i(q) - y(q). Calculate v(9).
9
Let c(o) = -10*o. Suppose -3*s - 26 = -2*l, -s = -4*s - 4*l - 20. Let f be -4*(s - (-279)/36). Calculate c(f).
-10
Let c(n) = 4*n**3 + 49*n**2 + 17*n - 16. Let t(i) = 5*i**3 + 57*i**2 + 16*i - 19. Let b(y) = -6*c(y) + 5*t(y). Give b(11).
1
Let g(a) = a**3 - a**2 - 3*a - 5. Suppose 680 = -234*d - 82*d + 48. Give g(d).
-11
Let d(c) be the third derivative of 0*c**3 - c**2 + 0 + 0*c - 1/12*c**4. Let f(o) = 4*o**2 + 262*o - 969. Let b be f(-69). Calculate d(b).
6
Let a(z) = -3*z**2 + 2*z + 3. Let t(x) = -x**2. Let f(d) = a(d) + 2*t(d). Let j(q) = q**2 - 2*q - 5. Let k be j(3). What is f(k)?
-21
Let d(z) be the first derivative of -z**5/20 - z**4/3 + 2*z**3/3 - 7*z**2/2 - 61*z - 45. Let j(u) be the first derivative of d(u). Determine j(-5).
-2
Let l(a) be the second derivative of a**3/2 - 5*a**2 + 36*a. Let x be l(1). Let n(b) = -b**3 - 6*b**2 + 8*b + 6. Determine n(x).
-1
Let a(l) be the first derivative of -l**2/2 - 4*l + 80811. Suppose 4*k = -0*k + 12. Suppose -20 = k*h - 2. What is a(h)?
2
Let a(f) = -12*f + 311. Let i(x) = -x**3 + 8*x**2 + 60*x - 271. Let w be i(11). Give a(w).
-1
Suppose 2306 - 146 = -216*h. Let a(k) = 5*k**2 - 5*k - 6. Let q(y) = -11*y**2 + 9*y + 11. Let j(v) = -13*a(v) - 6*q(v). What is j(h)?
2
Let h = 1 - 5. Suppose -3*p + 4*o = -26, 3 - 4 = 2*p + o. Let a(b) = -2 - 2*b - p*b**3 + 410*b**2 - 406*b**2 + 3*b**3. Calculate a(h).
6
Let o(j) = -564 + 1681 - 565 - 5*j - 560. Give o(9).
-53
Let c = -5182 + 5189. Let x(o) be the first derivative of 9/2*o**2 + 1/3*o**3 + c*o - 8. What is x(-6)?
-11
Let y(b) = 13*b. Let g(z) = -z**3 + 2*z**2 + 2*z - 4. Let x be g(3). Let f(w) = 5*w + 18. Let p be f(-2). Let r = x + p. Give y(r).
13
Let y be ((-4 - -2) + 4)/((8 - 19)/44). Let r(x) = x**3 - x**2 - 73*x - 5. What is r(y)?
3
Let u(o) = -2*o + 16. Suppose 0 = -5*q + 3*x + 16, -5*q - 4*x - 17 = -54. Let f be u(q). Let p(r) = 5*r + f + 1 + 5*r - 9*r. Calculate p(6).
13
Let l(f) = 2*f**2 + 26*f - 16. Let v be -1 + (-186)/16 - (-48)/(-128). Calculate l(v).
-16
Let w(v) be the first derivative of -5/24*v**4 + 2/3*v**3 + 18*v**2 + 35 + 0*v. Let c(b) be the second derivative of w(b). Give c(4).
-16
Let j = 192 + -192. Let u(r) be the third derivative of -r**5/120 - r**4/6 + 31*r**3/6 + 20*r**2. Let x(z) be the first derivative of u(z). Determine x(j).
-4
Let m(p) = p**2 - 30*p + 237. Let b be m(18). Let c(l) = -6*l + 123. Determine c(b).
-3
Let n(d) = 2 + 0*d - 18*d**2 + 19*d**2 - d. Let c(g) = g**3 + 17*g**2 - 14*g - 59. Let a be c(-17). Let i = a + -177. Determine n(i).
4
Let r(n) be the third derivative of -n**6/180 + n**5/24 + 5*n**4/24 - 245*n**3/6 + 192*n**2. Let x(z) be the first derivative of r(z). Give x(4).
-7
Let i(